2253 is divided by 22.
21
What is the remainder when 93254 is divided by 557?
235
What is the remainder when 14320387 is divided by 10?
7
Calculate the remainder when 4321257 is divided by 3355.
17
What is the remainder when 3156296 is divided by 29?
23
What is the remainder when 2738708 is divided by 248969?
49
What is the remainder when 1340862 is divided by 1706?
1652
What is the remainder when 199370384 is divided by 28481482?
10
What is the remainder when 367091482 is divided by 5229?
5224
What is the remainder when 205273 is divided by 205252?
21
What is the remainder when 2534965 is divided by 326?
315
What is the remainder when 223604 is divided by 210?
164
What is the remainder when 133270 is divided by 947?
690
Calculate the remainder when 18567 is divided by 2296.
199
Calculate the remainder when 36771 is divided by 1183.
98
Calculate the remainder when 56724 is divided by 18903.
15
What is the remainder when 28192430 is divided by 138?
134
Calculate the remainder when 74566 is divided by 1219.
207
What is the remainder when 57574 is divided by 3873?
3352
Calculate the remainder when 10714 is divided by 9.
4
Calculate the remainder when 11317979 is divided by 1414746.
11
Calculate the remainder when 10792848 is divided by 3597420.
588
What is the remainder when 50213168 is divided by 3257?
3256
Calculate the remainder when 23248 is divided by 270.
28
What is the remainder when 71642 is divided by 4033?
3081
Calculate the remainder when 19445473 is divided by 270076.
1
What is the remainder when 55326 is divided by 1037?
365
Calculate the remainder when 151555502 is divided by 9545.
9537
What is the remainder when 1791482 is divided by 255842?
588
Calculate the remainder when 30378913 is divided by 597.
568
What is the remainder when 39187 is divided by 751?
135
Calculate the remainder when 5006539 is divided by 8500.
39
What is the remainder when 518233 is divided by 1589?
219
What is the remainder when 7143 is divided by 898?
857
Calculate the remainder when 102937 is divided by 25730.
17
What is the remainder when 6242508 is divided by 616?
580
What is the remainder when 18450 is divided by 8374?
1702
What is the remainder when 34904 is divided by 3990?
2984
What is the remainder when 323178 is divided by 349?
4
What is the remainder when 76255138 is divided by 5?
3
What is the remainder when 4382562 is divided by 1460833?
63
Calculate the remainder when 6554878 is divided by 31.
21
What is the remainder when 909962 is divided by 22749?
2
Calculate the remainder when 34159369 is divided by 23.
22
Calculate the remainder when 1656331 is divided by 1059.
55
What is the remainder when 37384296 is divided by 2539?
60
Calculate the remainder when 4134580 is divided by 1815.
10
What is the remainder when 43448 is divided by 32230?
11218
Calculate the remainder when 113089 is divided by 5019.
2671
What is the remainder when 889972 is divided by 7948?
7744
Calculate the remainder when 4236101 is divided by 10110.
11
Calculate the remainder when 40036 is divided by 13076.
808
What is the remainder when 8469925 is divided by 2117425?
225
Calculate the remainder when 26908 is divided by 1232.
1036
Calculate the remainder when 182364 is divided by 91058.
248
What is the remainder when 1159539 is divided by 14494?
19
What is the remainder when 949790 is divided by 2878?
50
What is the remainder when 20472 is divided by 4010?
422
What is the remainder when 50300 is divided by 11987?
2352
What is the remainder when 357680 is divided by 415?
365
What is the remainder when 11308678 is divided by 87?
70
What is the remainder when 403598 is divided by 291?
272
Calculate the remainder when 1309420 is divided by 489.
367
Calculate the remainder when 18223557 is divided by 650841.
9
Calculate the remainder when 1751900 is divided by 431.
316
What is the remainder when 8048727 is divided by 2012173?
35
What is the remainder when 1001379 is divided by 166888?
51
Calculate the remainder when 111610 is divided by 2029.
15
What is the remainder when 64125 is divided by 9109?
362
Calculate the remainder when 610582 is divided by 894.
874
Calculate the remainder when 21773017 is divided by 74.
71
Calculate the remainder when 564642 is divided by 224.
162
What is the remainder when 876606 is divided by 2117?
168
What is the remainder when 615864 is divided by 307824?
216
Calculate the remainder when 5387509 is divided by 34098.
25
What is the remainder when 197447225 is divided by 316?
313
What is the remainder when 519627392 is divided by 177?
173
Calculate the remainder when 1106569 is divided by 5887.
5700
What is the remainder when 23000145 is divided by 186993?
6
What is the remainder when 1137427 is divided by 284342?
59
Calculate the remainder when 447629 is divided by 29838.
59
Calculate the remainder when 1297362 is divided by 66.
0
Calculate the remainder when 117934530 is divided by 237.
12
What is the remainder when 2561812 is divided by 206?
202
Calculate the remainder when 5643449 is divided by 476.
469
What is the remainder when 149272 is divided by 5902?
1722
Calculate the remainder when 25474683 is divided by 12737335.
13
Calculate the remainder when 4243724 is divided by 471511.
125
Calculate the remainder when 111947 is divided by 1993.
339
Calculate the remainder when 1966391 is divided by 23.
6
What is the remainder when 2356281 is divided by 258?
225
Calculate the remainder when 3794212 is divided by 34182.
10
What is the remainder when 523646 is divided by 2438?
1914
Calculate the remainder when 221879 is divided by 110755.
369
Calculate the remainder when 120148 is divided by 626.
582
What is the remainder when 1117902 is divided by 2531?
1731
What is the remainder when 468450764 is divided by 7483?
7481
What is the remainder when 8996612 is divided by 18782?
34
Calculate the remainder when 1557211 is divided by 340.
11
Calculate the remainder when 156561 is divided by 641.
157
Calculate the remainder when 766798 is divided by 191640.
238
Calculate the remainder when 7054910 is divided by 38134.
120
What is the remainder when 394942180 is divided by 366?
364
Calculate the remainder when 79852 is divided by 149.
137
Calculate the remainder when 87792 is divided by 5961.
4338
What is the remainder when 23983 is divided by 23901?
82
Calculate the remainder when 8668662 is divided by 279633.
39
Calculate the remainder when 6019234 is divided by 10560.
34
Calculate the remainder when 52945759 is divided by 4236.
4231
What is the remainder when 1878059 is divided by 238?
1
What is the remainder when 2991401 is divided by 44?
17
Calculate the remainder when 1301939 is divided by 11320.
139
What is the remainder when 1097331 is divided by 2546?
5
Calculate the remainder when 1423789 is divided by 711612.
565
What is the remainder when 6150782 is divided by 22285?
122
What is the remainder when 126064 is divided by 125891?
173
What is the remainder when 1322954 is divided by 661445?
64
What is the remainder when 352227 is divided by 76?
43
Calculate the remainder when 9906738 is divided by 3288.
3282
What is the remainder when 66203 is divided by 32114?
1975
Calculate the remainder when 501953 is divided by 83162.
2981
What is the remainder when 1148395 is divided by 272?
11
Calculate the remainder when 5980 is divided by 101.
21
Calculate the remainder when 16358054 is divided by 181.
179
What is the remainder when 86914158 is divided by 9941?
9936
Calculate the remainder when 388247 is divided by 2169.
2165
What is the remainder when 6393894 is divided by 3196902?
90
Calculate the remainder when 8504 is divided by 52.
28
What is the remainder when 4047721 is divided by 289122?
13
What is the remainder when 2768961 is divided by 1384337?
287
What is the remainder when 8684787 is divided by 1736956?
7
What is the remainder when 96559 is divided by 3110?
149
What is the remainder when 613713 is divided by 347?
217
Calculate the remainder when 58969652 is divided by 709.
704
Calculate the remainder when 87364 is divided by 2337.
895
Calculate the remainder when 1210856 is divided by 605351.
154
What is the remainder when 7612601 is divided by 3639?
3452
Calculate the remainder when 4054199 is divided by 1205.
579
Calculate the remainder when 